2).
25
Let u(r) = 2*r**3 + 115*r**2 + 415*r - 1218. Calculate u(-6).
0
Let s(h) = -2*h**2 + 839*h + 86951. Give s(-86).
5
Let o(p) = 2*p**3 + 3258*p**2 - 52643*p - 4930. Calculate o(-1645).
5
Let n(d) = 4161*d + 29237. What is n(-7)?
110
Let z(o) = -92*o - 1702. Determine z(-25).
598
Let u(f) = -2428*f - 82087. Determine u(-34).
465
Let w(f) = -27*f**2 + 597*f + 503. Determine w(23).
-49
Let a(t) = -t**3 - 18*t**2 + 24*t + 343. Determine a(-5).
-102
Let r(w) = -24*w**2 + 206*w + 1572. Give r(0).
1572
Let c(m) = 94*m**2 + 3705*m + 1537. Calculate c(-39).
16
Let o(s) = 2*s**2 + 3941*s - 11826. What is o(3)?
15
Let i(n) = 305*n**2 + 14083*n + 2460. What is i(-46)?
22
Let g(j) = -j**3 - 113*j**2 - 1707*j + 267. Give g(-95).
-18
Let d(n) = 134*n + 1345. Determine d(-13).
-397
Let o(u) = -2*u**3 - 647*u**2 - 2880*u - 2784. What is o(-319)?
87
Let o(v) = -1103*v + 409214. Calculate o(371).
1
Let q(k) = -3465*k - 370746. Give q(-107).
9
Let a(y) = 76*y + 9664. Give a(-112).
1152
Let x(z) = -8*z**3 + 279*z**2 - 206*z + 113. Calculate x(34).
1201
Let y(c) = 10*c**3 - 116*c**2 + 321*c + 15. What is y(7)?
8
Let s(v) = -v**2 + 208*v + 17189. Calculate s(-63).
116
Let q(n) = 5*n**2 + 2372*n + 27718. Calculate q(-12).
-26
Let v(h) = 19472*h - 136643. Calculate v(7).
-339
Let u(v) = -2*v**3 - 64*v**2 + 271*v + 8415. Give u(-32).
-257
Let q(h) = h**3 - 67*h**2 + 2460*h - 18846. Determine q(10).
54
Let i(r) = 6*r**3 + 5587*r**2 - 5587*r - 1. Give i(1).
5
Let w(z) = 6*z**2 - 294*z + 3551. Give w(23).
-37
Let c(f) = -1004*f**2 + 8252*f - 1717. Determine c(8).
43
Let k(w) = -3*w**2 + 686*w - 22298. Give k(189).
193
Let b(x) = -170*x - 5583. Give b(-33).
27
Let b(c) = -2*c**3 + 440*c**2 - 9795*c - 56842. Calculate b(194).
0
Let g(x) = -6*x**3 + 13*x**2 + 38*x + 52. Give g(-6).
1588
Let f(b) = 2706*b + 97392. Give f(-36).
-24
Let j(v) = 28798*v + 57725. Calculate j(-2).
129
Let n(x) = 35*x**2 + 1119*x - 6560. Give n(5).
-90
Let a(z) = -2*z**3 + 463*z**2 - 1120*z - 5467. Give a(229).
258
Let o(g) = 292627*g + 585315. Calculate o(-2).
61
Let d(v) = 487*v + 27845. What is d(-57)?
86
Let u(g) = -4*g**3 - 10*g**2 - 8125*g - 16244. What is u(-2)?
-2
Let q(n) = -2*n**3 - 39*n**2 - 391*n - 5214. Give q(-17).
-12
Let b(v) = 3*v**3 - 627*v**2 - 1257*v + 5. Calculate b(-2).
-13
Let w(b) = 118*b**3 - 37*b**2 - 83*b - 25. Give w(-2).
-951
Let w(u) = 4480*u - 66037. Give w(15).
1163
Let q(u) = 248*u - 4661. Calculate q(18).
-197
Let h(g) = -g**3 - 81*g**2 - 54*g + 2100. What is h(-80)?
20
Let q(s) = -s**2 + 28*s - 152. Determine q(7).
-5
Let s(d) = -2*d**3 - d**2 + 456*d + 457. What is s(-1)?
2
Let j(f) = -908*f + 37905. Give j(42).
-231
Let y(h) = -171*h**2 + 11148*h - 2138. What is y(65)?
7
Let h(m) = -10831*m - 21757. Calculate h(-2).
-95
Let n(u) = 155*u - 6190. What is n(39)?
-145
Let x(u) = 5662*u + 566150. Determine x(-100).
-50
Let i(v) = -3881*v + 7078972. Calculate i(1824).
28
Let v(m) = 1475*m - 159353. What is v(108)?
-53
Let i(o) = o**2 + 14*o - 16722. Determine i(123).
129
Let g(k) = 151*k**2 - 3*k - 18. Give g(0).
-18
Let d(r) = -5939*r + 243517. What is d(41)?
18
Let u(i) = 57*i + 4606. Determine u(-67).
787
Let l(d) = -2311*d - 3752. Calculate l(-2).
870
Let i(x) = -5*x**2 + 1381*x - 4156. Determine i(3).
-58
Let q(o) = 6130*o + 772372. Determine q(-126).
-8
Let a(s) = 13809958*s + 27619920. Calculate a(-2).
4
Let k(r) = 3*r**2 - 487*r - 1880. Determine k(166).
-54
Let u(l) = -27130*l + 244232. Give u(9).
62
Let v(z) = z**3 + 36*z**2 + 55*z + 18. Calculate v(-34).
460
Let h(u) = -75*u - 1841. What is h(-34)?
709
Let g(z) = -203*z + 1865. Calculate g(15).
-1180
Let g(s) = -70*s + 6992. What is g(61)?
2722
Let s(w) = -49*w**3 + 1711*w**2 + 84*w - 110. Determine s(35).
-2070
Let f(a) = -176*a**2 + 2618*a + 350. What is f(15)?
20
Let a(s) = -2714558*s + 5429125. What is a(2)?
9
Let c(o) = -o**3 - 69*o**2 - 594*o + 3241. Determine c(-15).
1
Let g(u) = 4*u**3 - 25*u**2 - 2*u - 154. Calculate g(10).
1326
Let s(j) = -9994*j**2 + 4977011*j + 476. Calculate s(498).
-22
Let k(y) = 7646*y + 38306. Determine k(-5).
76
Let r(x) = -38*x**2 + 5857*x - 115155. Calculate r(131).
-6
Let m(x) = -1140*x + 228915. What is m(200)?
915
Let u(c) = 241*c**3 + 12*c**2 + 7*c + 13. Give u(2).
2003
Let n(x) = -117933*x - 117972. Determine n(-1).
-39
Let x(o) = -3*o**2 + 224*o - 565. Determine x(65).
1320
Let m(i) = -128*i**2 - 380*i - 240. Determine m(-2).
8
Let l(i) = i**3 - 111*i**2 + 636*i - 636. Give l(105).
-6
Let a(o) = 566*o**3 - 2*o**2 + 7*o - 5. Determine a(1).
566
Let d(w) = -334546*w - 3010926. Give d(-9).
-12
Let h(g) = 2*g**2 + 164*g - 639600. Determine h(526).
16
Let r(c) = 46*c**3 - 7080*c**2 - 617*c + 185. Determine r(154).
31
Let f(j) = 813*j - 12213. Calculate f(15).
-18
Let c(w) = -4*w**3 + 24*w**2 + 130*w - 791. Give c(6).
-11
Let v(r) = -9*r**2 + 3447*r - 10083. Give v(380).
177
Let b(t) = 117*t + 711. Calculate b(-11).
-576
Let m(l) = 28669*l - 229344. Determine m(8).
8
Let y(p) = p**3 + 327*p**2 - 6272*p - 21506. Calculate y(-345).
-116
Let s(g) = 331*g + 5346. What is s(-16)?
50
Let x(k) = -7*k**3 - 372*k**2 + 1822*k + 95. What is x(5)?
-970
Let o(f) = -41*f**2 - 143*f + 443. What is o(4)?
-785
Let h(i) = -5*i**2 + 2165*i - 17353. Determine h(8).
-353
Let f(s) = s**2 - 164*s - 4616. Determine f(-24).
-104
Let w(r) = 280*r**2 + 36124*r + 514. Calculate w(-129).
-2
Let x(o) = 122*o**2 - 343*o - 54. Give x(7).
3523
Let a(o) = -109*o**3 + 549*o**2 - 653*o + 3250. What is a(5)?
85
Let a(i) = -5105*i + 240890. Determine a(47).
955
Let d(g) = -16*g**3 - 302*g**2 - 9*g + 46. What is d(-18)?
-4328
Let t(q) = q**3 - 124*q**2 - 24*q + 18076. Determine t(123).
-5
Let a(d) = 131*d + 1455. Give a(-11).
14
Let b(i) = 28479*i + 1537869. What is b(-54)?
3
Let i(r) = 9239*r - 3557018. Give i(385).
-3
Let i(c) = -8*c**2 - 134*c + 604. Calculate i(-20).
84
Let p(v) = -5*v**3 - 581*v**2 - 116*v - 12. Calculate p(-116).
-12
Let o(n) = 3*n**2 - 252*n + 953. Calculate o(79).
-232
Let r(a) = 2*a**3 + 9*a**2 + 1392*a + 6973. Calculate r(-5).
-12
Let m(j) = 456*j - 5348. Calculate m(12).
124
Let n(k) = 14*k**2 + 801*k - 7303. Give n(8).
1
Let l(p) = 3824*p - 47800. What is l(11)?
-5736
Let a(f) = f**3 - 114*f**2 - 2832*f - 419. Calculate a(135).
-14
Let g(c) = 30998*c + 960769. Calculate g(-31).
-169
Let z(i) = 56*i**2 + 55*i + 6. Determine z(-2).
120
Let z(h) = -2*h**3 - 167*h**2 + 62*h + 11357. What is z(-83)?
-678
Let j(k) = k + 633. Calculate j(39).
672
Let d(x) = -1056*x**2 - 337*x + 11. Calculate d(-2).
-3539
Let h(w) = 22715*w - 295249. Give h(13).
46
Let k(q) = -4*q**2 + 645*q + 4825. Determine k(169).
-414
Let w(m) = 42*m**3 + 2982*m**2 + 2*m + 168. Give w(-71).
26
Let u(c) = 40*c**2 + 3076*c + 30914. Determine u(-10).
4154
Let y(s) = 120*s**2 - 62*s - 49. What is y(0)?
-49
Let m(i) = -2*i**3 + 49*i**2 - 36*i - 2896. What is m(21)?
-565
Let t(c) = -2*c**2 + 479*c - 4803. Calculate t(10).
-213
Let f(b) = -b**3 + 5*b**2 - 1725*b + 8629. What is f(5)?
4
Let h(y) = 3*y**2 - 100425*y - 502144. What is h(-5)?
56
Let j(i) = -2*i**3 + 425*i**2 - 7529*i + 409. Give j(193).
23
Let y(c) = -226948*c + 64226278. What is y(283)?
-6
Let g(o) = 246*o**2 - 2*o + 39. Give g(2).
1019
Let t(s) = -3063*s + 1693853. What is t(553)?
14
Let g(l) = 38*l**2 + 13184*l + 118683. Give g(-9).
3105
Let q(d) = 2*d**3 - 410*d**2 + 7*d - 1454. Give q(205).
-19
Let c(h) = -15*h**2 + 1789*h - 46319. Give c(38).
3
Let f(c) = -c**2 - 48*c - 244. Calculate f(-54).
-568
Let x(n) = -124352*n + 1740947. Determine x(14).
19
Let p(i) = 42932*i + 1760218. Give p(-41).
6
Let d(h) = -2*h**2 + 15724*h - 47154. Calculate d(3).
0
Let q(a) = -2*a**3 + 127*a**2 - 307*a - 9. Calculate q(61).
-131
Let s(w) = -29*w**2 + 2093*w - 195. Determine s(72).
165
Let x(f) = -1080*f + 55306. What is x(51)?
226
Let y(l) = -l**3 + 50*l**2 - 43*l - 137. Calculate y(49).
157
Let o(y) = -y**3 - 45*y**2 + 247*y + 12794. Determine o(-44).
-10
Let k(h) = 2*h**3 + 355*h**2 + 5453*h + 23. Calculate k(-17).
91
Let y(r) = -2*r**2 + 18*r + 744. Give y(0).
744
Let h(u) = -5923*u + 213030. Calculate h(36).
-198
Let u(c) = -4*c**2 + 3304*c + 67689. What is u(-20)?
9
Let l(q) = -96*q**2 - 1174*q - 285. Determine l(-12).
-21
Let b(t) = -410*t**2 - 4341*t - 10308.